e i(w).
1
Let v(b) be the second derivative of -5*b**4/24 - b**3/6 - b**2/2 + 2*b. Let m(s) be the first derivative of v(s). Let p be (-12)/5 - 14/(-35). Calculate m(p).
9
Let z(c) = c**3 + 2*c**2 - 5*c + 7. Let v(t) = t - 1. Let l(p) = 6*v(p) + z(p). Determine l(-1).
1
Suppose -2*h = 2*a + 2*a + 12, h = -4*a - 10. Let z be ((-3)/2)/(5/(-10)). Let q(v) = 4*v**3 + v**2 - v - 2*v**3 - v**z + 1. Give q(h).
-1
Let n(z) be the third derivative of z**5/60 + z**4/8 - z**3/3 - 4*z**2. Determine n(-2).
-4
Let g be ((-10)/8)/(3/(-12)). Suppose 0 = -g*j - 20. Let q(k) = -k**3 - 3*k**2 + 3*k - 5. What is q(j)?
-1
Let d(x) = x**3 + 12*x**2 + 23*x + 25. Let n be d(-10). Let t(s) be the first derivative of 1/2*s**2 + 1/4*s**4 + 5/3*s**3 - s + 1. Calculate t(n).
-6
Let a(l) = 2*l**2 - 11*l - 4. Let j(f) = -f**2 + 12*f + 5. Let m(q) = 2*a(q) + 3*j(q). Calculate m(-13).
-6
Let b = -158 - -159. Let l(s) = -2*s + 1. Determine l(b).
-1
Let q(a) = 4 - 3 + 2*a + 0*a - a. Let b(v) = -v. Let i(k) = 3*b(k) + q(k). What is i(1)?
-1
Let h be (-66)/(-10) - 2/(-5). Let u(y) = 2*y - 2 - y**2 - h*y + 0*y + 2*y**2. What is u(4)?
-6
Let x(y) be the second derivative of y**3/3 - y**2/2 + 7*y. What is x(-2)?
-5
Let d = -6 + 12. Let n(u) = -u**3 + 7*u**2 + 9*u - 6. Let p be n(8). Let y(q) = q**2 + 2*q - d - q**3 + 3*q**p + 0*q**2 + 0*q**2. Calculate y(4).
2
Let o(x) = -x**2 - 7*x - 7. Let z be o(-5). Let y be (22/(-4))/((-1)/2). Let j(u) = -u - 1. Let s(r) = 6*r + 5. Let a(d) = y*j(d) + 2*s(d). Give a(z).
2
Let j(k) = -3*k + 4. Let q = -15 + 20. What is j(q)?
-11
Let x(v) = -v**2 - 5*v - 3. Let a be -5*(18/10 + -1). Calculate x(a).
1
Suppose 0 = 3*q - 2*o + 101, -q + 5 = 5*o + 16. Let c = q + 13. Let s be (-1)/(2 - (-33)/c). Let b(n) = 2*n + 8. Determine b(s).
-4
Let f(k) = k**2 + k + 1. Suppose n + 5*z = -18, 3*n = -0*z + 3*z + 36. Let m(b) = -n*b**2 + 2*b**2 - 8*b - 6 + b**2. Let c(i) = -5*f(i) - m(i). Determine c(3).
1
Let x(t) = t**2 - 2. Let k(s) = 2*s**2 - 5 - 12*s + 4 + 3. Let n be k(6). Calculate x(n).
2
Let l(o) be the first derivative of -o**3/3 - o**2 - 4*o + 1. Let b = -4 + 1. Determine l(b).
-7
Let n(a) be the third derivative of 0*a + 7*a**2 + 1/6*a**3 + 0 + 1/12*a**4 + 1/15*a**5. What is n(-1)?
3
Let v(z) be the third derivative of z**6/120 + z**5/20 + z**4/6 + z**3/3 - 3*z**2. Let j = -15 + 12. What is v(j)?
-10
Let v = 0 - 4. Let o(n) be the first derivative of n**3/3 + 2*n**2 - 2*n + 2. What is o(v)?
-2
Let a(m) = -3*m + 2. Let t(x) = 6*x - 5. Let d(o) = -9*a(o) - 4*t(o). Let i(v) = -2*v - 1. Let g(f) = -4*d(f) - 7*i(f). What is g(2)?
3
Suppose j + 3 = -m, 3*m - 2*j - 4 - 2 = 0. Let h = m + -1. Let n(v) = 6*v**3 + 2*v**2 - 2*v - 3. Let u(i) = i**3 - i - 1. Let y(s) = -n(s) + 4*u(s). Give y(h).
1
Suppose 0 = -2*p - 5 - 1, 2*k - 2*p - 146 = 0. Suppose 5*b - 85 = -5*c + 3*b, 3*c + 5*b - k = 0. Let o = 10 - c. Let h(l) = l**2 + 4*l. Give h(o).
5
Let z(n) = -4*n**3 + 2*n**2 - 2*n + 1. Let b be (-5)/(15/6) - -3. Determine z(b).
-3
Let s(x) = 11*x + 6. Let a(y) = 6*y + 3. Let m(d) = -5*a(d) + 3*s(d). Let c(r) = -r. Let g(o) = -6*c(o) - m(o). Let z = -4 - -6. Give g(z).
3
Let n(p) = 4*p**3 + 5*p**2 + p + 13. Let i(g) = -g**3 - g**2 + 1. Let l(h) = 5*i(h) + n(h). Determine l(0).
18
Let b(l) be the third derivative of l**6/120 + l**5/20 + l**4/12 + l**3/2 - 10*l**2. Let c(j) = j**3 + 3*j**2 + 2*j + 3. Let h be c(-3). Calculate b(h).
-3
Let p(t) = t - 2 - t - 3*t + 2*t. Calculate p(6).
-8
Let m(o) = -o - 1. Let w(s) = 2*s + 9. Let d(t) = -3*m(t) - w(t). Give d(0).
-6
Let g = 0 + -5. Let c(f) = -53*f**2 + 3*f + 59*f**2 + 2*f**3 - f**3. Calculate c(g).
10
Let m(n) = -n - 13. Let v(r) = 3*r - 1. Let z be v(-2). Let a be m(z). Let i(u) = u**2 + 6*u - 3. What is i(a)?
-3
Let r(p) = -p**2 + p. Let z(u) = -u**3 + 3*u**2 + 8*u - 6. Let k(g) = -2*r(g) + z(g). Let d(a) = a**3 - 2*a + 2. Let x be d(2). What is k(x)?
-6
Let y(s) = s**3 - 3*s**2 + 4. Let d(w) be the third derivative of 1/60*w**5 - 2*w**2 + 1/8*w**4 - 7/6*w**3 + 0*w + 0. Let i be d(-5). Calculate y(i).
4
Let l(f) = -f**2 - 7*f - 3. Let z(m) = -m**3 + 2*m**2 + m - 4. Let u be z(0). Determine l(u).
9
Let o be 6/12 - (-6)/(-4) - -4. Let c(i) = 2*i - 4. Give c(o).
2
Let g = -137 + 140. Let o(u) = -u**3 + 5*u**2 - 3*u - 3. What is o(g)?
6
Let y(s) = -s**3 - s + 4. Let w = -42 - -42. What is y(w)?
4
Let y(a) = -a**3 + 4*a**2 + 7*a + 2. Suppose -p = -5, 0 = -l + 2*p + 3*p - 21. Let n be 0 + 2 + -1 + l. What is y(n)?
12
Let a(l) = -l. Let j(o) be the third derivative of o**5/60 - o**3/6 + 3*o**2. Let w(f) = a(f) - 2*j(f). Suppose -3*s - 4 = -s. Determine w(s).
-4
Let t(o) = 5*o**2 + 9*o - 14. Let v(c) = -c**2 + 1. Let w(r) = -t(r) - 6*v(r). Let q be w(8). Let h(a) = a**3 - a**2 - a - 5. Calculate h(q).
-5
Let l(z) be the second derivative of -z**5/20 + z**3/6 - 3*z**2 + 5*z. Calculate l(0).
-6
Let v(n) be the second derivative of 1/60*n**5 + 2*n + 1/8*n**4 + 0 + 1/2*n**2 - 2/3*n**3. Let m(k) be the first derivative of v(k). Calculate m(-4).
0
Let x(d) = 0*d - 6*d + 8*d - 7. Give x(5).
3
Let f(i) be the first derivative of -9*i**2/2 + 5*i - 9. Suppose 5*s + 16 = -14. Let u(v) = -v + 1. Let k(p) = s*u(p) + f(p). Determine k(-1).
2
Let d(a) = -a**3 - a + 1. Let n(z) = 4*z**3 + 7*z**2 + 11*z + 1. Let c(p) = 3*d(p) + n(p). Determine c(-6).
-8
Let c(l) = -6*l - 5. Let i(x) = -7*x - 5. Let q(t) = -6*c(t) + 5*i(t). What is q(-7)?
-2
Let j(o) = -1 + 6 + o + 0. Give j(6).
11
Suppose -2 = 2*d, t + 2*t - 11 = 5*d. Let z be (3/6*0)/t. Suppose z = q - 4*q - 15. Let i(c) = -c**3 - 6*c**2 - 6*c + 6. Give i(q).
11
Let f be 29/(-220) + (-2)/(-11). Let n(r) be the second derivative of f*r**5 + r + 7/2*r**2 - 1/3*r**4 - 4/3*r**3 + 0. Calculate n(5).
-8
Let a(c) = -5*c**2 + c**3 - 1 + 3*c**2 - 3*c**2 + c + 4. What is a(5)?
8
Let m be (-63)/(-36) - (-2)/8. Let t = -3 - m. Let v(n) = 5*n**2 - 7*n + 1. Let a(h) = -6*h**2 + 8*h - 2. Let w(f) = t*v(f) - 4*a(f). Give w(4).
-1
Let h(g) = -3*g - 1. Let o be (-35)/20 + 1/(-4). What is h(o)?
5
Let j(o) = -8*o**2 + 32*o - 6. Let r be j(4). Let h(b) = b**3 + 5*b**2 - 6*b - 5. Give h(r).
-5
Let a(n) = -n - 10. Suppose -6*b - 72 + 30 = 0. What is a(b)?
-3
Suppose d + 6 = 2*d. Suppose -k + 5*k - 10 = 3*w, -4*w = 2*k - 16. Let i be (k/(-3))/(2/d). Let g(z) = -z**3 - 5*z**2 - 3*z - 6. Give g(i).
-10
Let a = 5 + -4. Let l(o) = 3*o**2 + 0 + a - o**2. Calculate l(1).
3
Suppose 0 = -7*z + 3*z + 16. Let a(t) = t - 3. Calculate a(z).
1
Let r(z) be the third derivative of -z**4/12 + z**3/2 - 39*z**2. Determine r(-4).
11
Let f be 1/(6/4)*3. Let y(o) be the first derivative of -o - o - o + 3 + 2*o - o**f. Determine y(2).
-5
Let t = 6 + -1. Let q(d) = 5 + t*d**2 + 3*d**3 + 1 - d - 4*d**3 - 4*d**2. Give q(0).
6
Let i(s) = -18*s**3 + 2*s**2 + 7*s. Let y(a) = -9*a**3 + a**2 + 4*a. Let w(p) = 3*i(p) - 5*y(p). What is w(-1)?
9
Let y(g) be the first derivative of g**4/2 + g**3/3 - g**2/2 - g - 18. Give y(2).
17
Let l(t) = -2*t + 17. Let i be l(7). Let x(h) = h**2 + 3*h**2 - 5 - i*h + 9*h - 2*h**2. Determine x(-5).
15
Let w(i) = 3*i**2 - 9*i - 2. Let p(f) = f**2 - f. Let h(s) = 5*p(s) - w(s). What is h(-3)?
8
Let k(j) = -j + 1. Let b(t) = 2*t. Let l(f) = f. Let r(s) = -b(s) + 3*l(s). Suppose -4*o + 23 - 3 = 0. Let u be r(o). Determine k(u).
-4
Suppose -23 = 3*i - f, -4*i - 34 = 4*f - 2*f. Let a(r) = -r**3 - 7*r**2 + 8*r - 1. Let q be a(i). Let t(c) = -6*c - 1. Give t(q).
5
Suppose 3*q + 3 = -2*g + g, -4*q = 5*g + 15. Let u(y) = q*y + 6*y**2 + y + 0*y + y**3 + 2. Calculate u(-6).
-4
Let a(t) = -t. Suppose -2*g = -y - 3*y - 16, 0 = -3*g + y + 19. Suppose 4*s - 6 = g*s. Let l be (4 + s)*(3 - 0). What is a(l)?
-3
Let y(z) = -z**3 - 3*z**2 + 2*z. Let d be y(-4). Suppose -2*j + 6 = q - 0, -j + d = 3*q. Let x(n) = 1 - n + 3*n**2 - 2*n**3 - 3 + 0. Calculate x(q).
-8
Let t(l) = l**3 + 5*l**2 + 5*l + 4. Let q = 5 + 0. Suppose -a + q - 9 = 0. Calculate t(a).
0
Let t(z) = 3*z. Let v(g) be the first derivative of g**2 + 2. Let n(d) = -3*t(d) + 4*v(d). Suppose 15*p = 20*p - 10. What is n(p)?
-2
Let r(b) = -b - 2. Let a(u) = -u - 3. Let t(g) = -4*a(g) + 7*r(g). Determine t(4).
-14
Let o = 10 - 6. Let y(n) = 3*n + 5*n - 1 - 5 - 6*n. Determine y(o).
2
Let r(p) = -3*p - 21. Let k(w) = -2*w - 20. Let q(o) = -4*k(o) + 3*r(o). Let l be q(11). Let 